{"id":8452,"date":"2014-02-14T12:31:52","date_gmt":"2014-02-14T12:31:52","guid":{"rendered":"https:\/\/www.cfm.co.mz\/2014\/02\/14\/terminal-de-embarque-de-melaco\/"},"modified":"2024-10-07T09:24:29","modified_gmt":"2024-10-07T09:24:29","slug":"terminal-de-embarque-de-melaco","status":"publish","type":"page","link":"https:\/\/www.cfm.co.mz\/en\/terminal-de-embarque-de-melaco\/","title":{"rendered":"Molasses Shipping Terminal"},"content":{"rendered":"<p style=\"text-align: justify;\">This terminal is 153 meters long and occupies an area of \u200b\u200b3,060 square meters. Storage is carried out in four tanks with individual capacities of 6,000, 7,000, 9,000, and 11,000 tons. The terminal was designed to handle approximately 150,000 tons annually.<\/p>","protected":false},"excerpt":{"rendered":"<p>This terminal is 153 meters long and occupies an area of \u200b\u200b3,060 square meters. Storage is carried out in four tanks with individual capacities of 6,000, 7,000, 9,000, and 11,000 tons. The terminal was designed to handle approximately 150,000 tons annually.<\/p>","protected":false},"author":89,"featured_media":0,"parent":0,"menu_order":10,"comment_status":"open","ping_status":"open","template":"","meta":{"_acf_changed":false,"pgc_sgb_lightbox_settings":"","footnotes":""},"class_list":["post-8452","page","type-page","status-publish","hentry"],"acf":[],"yoast_head":"<!-- This site is optimized with the Yoast SEO plugin v26.5 - https:\/\/yoast.com\/wordpress\/plugins\/seo\/ -->\n<title>Terminal de Embarque de Mela\u00e7o - CFM - Caminhos De Ferros de Mo\u00e7ambique<\/title>\n<meta name=\"robots\" content=\"index, follow, max-snippet:-1, max-image-preview:large, max-video-preview:-1\" \/>\n<link rel=\"canonical\" href=\"https:\/\/www.cfm.co.mz\/en\/terminal-de-embarque-de-melaco\/\" \/>\n<meta property=\"og:locale\" content=\"en_US\" \/>\n<meta property=\"og:type\" content=\"article\" \/>\n<meta property=\"og:title\" content=\"Terminal de Embarque de Mela\u00e7o - CFM - Caminhos De Ferros de Mo\u00e7ambique\" \/>\n<meta property=\"og:description\" content=\"Este terminal possui 153 metros de comprimento e ocupa uma \u00e1rea de 3.060 metros quadrados. A armazenagem \u00e9 feita em quatro tanques com capacidades individuais de 6.000, 7.000, 9.000 e 11.000 toneladas. O terminal foi projectado para manusear cerca de 150.000 toneladas anuais.\" \/>\n<meta property=\"og:url\" content=\"https:\/\/www.cfm.co.mz\/en\/terminal-de-embarque-de-melaco\/\" \/>\n<meta property=\"og:site_name\" content=\"CFM - Caminhos De Ferros de Mo\u00e7ambique\" \/>\n<meta property=\"article:publisher\" content=\"https:\/\/www.facebook.com\/CFMMoz\" \/>\n<meta property=\"article:modified_time\" content=\"2024-10-07T09:24:29+00:00\" \/>\n<meta name=\"twitter:card\" content=\"summary_large_image\" \/>\n<script type=\"application\/ld+json\" class=\"yoast-schema-graph\">{\"@context\":\"https:\/\/schema.org\",\"@graph\":[{\"@type\":\"WebPage\",\"@id\":\"https:\/\/www.cfm.co.mz\/terminal-de-embarque-de-melaco\/\",\"url\":\"https:\/\/www.cfm.co.mz\/terminal-de-embarque-de-melaco\/\",\"name\":\"Terminal de Embarque de Mela\u00e7o - CFM - Caminhos De Ferros de Mo\u00e7ambique\",\"isPartOf\":{\"@id\":\"https:\/\/www.cfm.co.mz\/#website\"},\"datePublished\":\"2014-02-14T12:31:52+00:00\",\"dateModified\":\"2024-10-07T09:24:29+00:00\",\"breadcrumb\":{\"@id\":\"https:\/\/www.cfm.co.mz\/terminal-de-embarque-de-melaco\/#breadcrumb\"},\"inLanguage\":\"en-US\",\"potentialAction\":[{\"@type\":\"ReadAction\",\"target\":[\"https:\/\/www.cfm.co.mz\/terminal-de-embarque-de-melaco\/\"]}]},{\"@type\":\"BreadcrumbList\",\"@id\":\"https:\/\/www.cfm.co.mz\/terminal-de-embarque-de-melaco\/#breadcrumb\",\"itemListElement\":[{\"@type\":\"ListItem\",\"position\":1,\"name\":\"Home\",\"item\":\"https:\/\/www.cfm.co.mz\/\"},{\"@type\":\"ListItem\",\"position\":2,\"name\":\"Terminal de Embarque de Mela\u00e7o\"}]},{\"@type\":\"WebSite\",\"@id\":\"https:\/\/www.cfm.co.mz\/#website\",\"url\":\"https:\/\/www.cfm.co.mz\/\",\"name\":\"CFM - Caminhos De Ferros de Mo\u00e7ambique\",\"description\":\"Ampliando Horizontes\",\"publisher\":{\"@id\":\"https:\/\/www.cfm.co.mz\/#organization\"},\"potentialAction\":[{\"@type\":\"SearchAction\",\"target\":{\"@type\":\"EntryPoint\",\"urlTemplate\":\"https:\/\/www.cfm.co.mz\/?s={search_term_string}\"},\"query-input\":{\"@type\":\"PropertyValueSpecification\",\"valueRequired\":true,\"valueName\":\"search_term_string\"}}],\"inLanguage\":\"en-US\"},{\"@type\":\"Organization\",\"@id\":\"https:\/\/www.cfm.co.mz\/#organization\",\"name\":\"CFM - Caminhos De Ferros de Mo\u00e7ambique\",\"url\":\"https:\/\/www.cfm.co.mz\/\",\"logo\":{\"@type\":\"ImageObject\",\"inLanguage\":\"en-US\",\"@id\":\"https:\/\/www.cfm.co.mz\/#\/schema\/logo\/image\/\",\"url\":\"https:\/\/www.cfm.co.mz\/wp-content\/uploads\/2025\/07\/be5f0679-4f5b-4d02-9719-a26ceed29162.jpg\",\"contentUrl\":\"https:\/\/www.cfm.co.mz\/wp-content\/uploads\/2025\/07\/be5f0679-4f5b-4d02-9719-a26ceed29162.jpg\",\"width\":400,\"height\":65,\"caption\":\"CFM - Caminhos De Ferros de Mo\u00e7ambique\"},\"image\":{\"@id\":\"https:\/\/www.cfm.co.mz\/#\/schema\/logo\/image\/\"},\"sameAs\":[\"https:\/\/www.facebook.com\/CFMMoz\",\"https:\/\/www.linkedin.com\/company\/caminhos-de-ferro-de-moambique\/\"]}]}<\/script>\n<!-- \/ Yoast SEO plugin. -->","yoast_head_json":{"title":"Terminal de Embarque de Mela\u00e7o - CFM - Caminhos De Ferros de Mo\u00e7ambique","robots":{"index":"index","follow":"follow","max-snippet":"max-snippet:-1","max-image-preview":"max-image-preview:large","max-video-preview":"max-video-preview:-1"},"canonical":"https:\/\/www.cfm.co.mz\/en\/terminal-de-embarque-de-melaco\/","og_locale":"en_US","og_type":"article","og_title":"Terminal de Embarque de Mela\u00e7o - CFM - Caminhos De Ferros de Mo\u00e7ambique","og_description":"Este terminal possui 153 metros de comprimento e ocupa uma \u00e1rea de 3.060 metros quadrados. A armazenagem \u00e9 feita em quatro tanques com capacidades individuais de 6.000, 7.000, 9.000 e 11.000 toneladas. O terminal foi projectado para manusear cerca de 150.000 toneladas anuais.","og_url":"https:\/\/www.cfm.co.mz\/en\/terminal-de-embarque-de-melaco\/","og_site_name":"CFM - Caminhos De Ferros de Mo\u00e7ambique","article_publisher":"https:\/\/www.facebook.com\/CFMMoz","article_modified_time":"2024-10-07T09:24:29+00:00","twitter_card":"summary_large_image","schema":{"@context":"https:\/\/schema.org","@graph":[{"@type":"WebPage","@id":"https:\/\/www.cfm.co.mz\/terminal-de-embarque-de-melaco\/","url":"https:\/\/www.cfm.co.mz\/terminal-de-embarque-de-melaco\/","name":"Terminal de Embarque de Mela\u00e7o - CFM - Caminhos De Ferros de Mo\u00e7ambique","isPartOf":{"@id":"https:\/\/www.cfm.co.mz\/#website"},"datePublished":"2014-02-14T12:31:52+00:00","dateModified":"2024-10-07T09:24:29+00:00","breadcrumb":{"@id":"https:\/\/www.cfm.co.mz\/terminal-de-embarque-de-melaco\/#breadcrumb"},"inLanguage":"en-US","potentialAction":[{"@type":"ReadAction","target":["https:\/\/www.cfm.co.mz\/terminal-de-embarque-de-melaco\/"]}]},{"@type":"BreadcrumbList","@id":"https:\/\/www.cfm.co.mz\/terminal-de-embarque-de-melaco\/#breadcrumb","itemListElement":[{"@type":"ListItem","position":1,"name":"Home","item":"https:\/\/www.cfm.co.mz\/"},{"@type":"ListItem","position":2,"name":"Terminal de Embarque de Mela\u00e7o"}]},{"@type":"WebSite","@id":"https:\/\/www.cfm.co.mz\/#website","url":"https:\/\/www.cfm.co.mz\/","name":"CFM - Caminhos De Ferros de Mo\u00e7ambique","description":"Ampliando Horizontes","publisher":{"@id":"https:\/\/www.cfm.co.mz\/#organization"},"potentialAction":[{"@type":"SearchAction","target":{"@type":"EntryPoint","urlTemplate":"https:\/\/www.cfm.co.mz\/?s={search_term_string}"},"query-input":{"@type":"PropertyValueSpecification","valueRequired":true,"valueName":"search_term_string"}}],"inLanguage":"en-US"},{"@type":"Organization","@id":"https:\/\/www.cfm.co.mz\/#organization","name":"CFM - Caminhos De Ferros de Mo\u00e7ambique","url":"https:\/\/www.cfm.co.mz\/","logo":{"@type":"ImageObject","inLanguage":"en-US","@id":"https:\/\/www.cfm.co.mz\/#\/schema\/logo\/image\/","url":"https:\/\/www.cfm.co.mz\/wp-content\/uploads\/2025\/07\/be5f0679-4f5b-4d02-9719-a26ceed29162.jpg","contentUrl":"https:\/\/www.cfm.co.mz\/wp-content\/uploads\/2025\/07\/be5f0679-4f5b-4d02-9719-a26ceed29162.jpg","width":400,"height":65,"caption":"CFM - Caminhos De Ferros de Mo\u00e7ambique"},"image":{"@id":"https:\/\/www.cfm.co.mz\/#\/schema\/logo\/image\/"},"sameAs":["https:\/\/www.facebook.com\/CFMMoz","https:\/\/www.linkedin.com\/company\/caminhos-de-ferro-de-moambique\/"]}]}},"_links":{"self":[{"href":"https:\/\/www.cfm.co.mz\/en\/wp-json\/wp\/v2\/pages\/8452","targetHints":{"allow":["GET"]}}],"collection":[{"href":"https:\/\/www.cfm.co.mz\/en\/wp-json\/wp\/v2\/pages"}],"about":[{"href":"https:\/\/www.cfm.co.mz\/en\/wp-json\/wp\/v2\/types\/page"}],"author":[{"embeddable":true,"href":"https:\/\/www.cfm.co.mz\/en\/wp-json\/wp\/v2\/users\/89"}],"replies":[{"embeddable":true,"href":"https:\/\/www.cfm.co.mz\/en\/wp-json\/wp\/v2\/comments?post=8452"}],"version-history":[{"count":1,"href":"https:\/\/www.cfm.co.mz\/en\/wp-json\/wp\/v2\/pages\/8452\/revisions"}],"predecessor-version":[{"id":10620,"href":"https:\/\/www.cfm.co.mz\/en\/wp-json\/wp\/v2\/pages\/8452\/revisions\/10620"}],"wp:attachment":[{"href":"https:\/\/www.cfm.co.mz\/en\/wp-json\/wp\/v2\/media?parent=8452"}],"curies":[{"name":"wp","href":"https:\/\/api.w.org\/{rel}","templated":true}]}}

<!-- This site is optimized with the Yoast SEO plugin v26.5 - https://yoast.com/wordpress/plugins/seo/ -->
<title>Terminal de Embarque de Melaço - CFM - Caminhos De Ferros de Moçambique</title>
<meta name="robots" content="index, follow, max-snippet:-1, max-image-preview:large, max-video-preview:-1" />
<link rel="canonical" href="https://www.cfm.co.mz/en/terminal-de-embarque-de-melaco/" />
<meta property="og:locale" content="en_US" />
<meta property="og:type" content="article" />
<meta property="og:title" content="Terminal de Embarque de Melaço - CFM - Caminhos De Ferros de Moçambique" />
<meta property="og:description" content="Este terminal possui 153 metros de comprimento e ocupa uma área de 3.060 metros quadrados. A armazenagem é feita em quatro tanques com capacidades individuais de 6.000, 7.000, 9.000 e 11.000 toneladas. O terminal foi projectado para manusear cerca de 150.000 toneladas anuais." />
<meta property="og:url" content="https://www.cfm.co.mz/en/terminal-de-embarque-de-melaco/" />
<meta property="og:site_name" content="CFM - Caminhos De Ferros de Moçambique" />
<meta property="article:publisher" content="https://www.facebook.com/CFMMoz" />
<meta property="article:modified_time" content="2024-10-07T09:24:29+00:00" />
<meta name="twitter:card" content="summary_large_image" />
<script type="application/ld+json" class="yoast-schema-graph">{"@context":"https://schema.org","@graph":[{"@type":"WebPage","@id":"https://www.cfm.co.mz/terminal-de-embarque-de-melaco/","url":"https://www.cfm.co.mz/terminal-de-embarque-de-melaco/","name":"Terminal de Embarque de Melaço - CFM - Caminhos De Ferros de Moçambique","isPartOf":{"@id":"https://www.cfm.co.mz/#website"},"datePublished":"2014-02-14T12:31:52+00:00","dateModified":"2024-10-07T09:24:29+00:00","breadcrumb":{"@id":"https://www.cfm.co.mz/terminal-de-embarque-de-melaco/#breadcrumb"},"inLanguage":"en-US","potentialAction":[{"@type":"ReadAction","target":["https://www.cfm.co.mz/terminal-de-embarque-de-melaco/"]}]},{"@type":"BreadcrumbList","@id":"https://www.cfm.co.mz/terminal-de-embarque-de-melaco/#breadcrumb","itemListElement":[{"@type":"ListItem","position":1,"name":"Home","item":"https://www.cfm.co.mz/"},{"@type":"ListItem","position":2,"name":"Terminal de Embarque de Melaço"}]},{"@type":"WebSite","@id":"https://www.cfm.co.mz/#website","url":"https://www.cfm.co.mz/","name":"CFM - Caminhos De Ferros de Moçambique","description":"Ampliando Horizontes","publisher":{"@id":"https://www.cfm.co.mz/#organization"},"potentialAction":[{"@type":"SearchAction","target":{"@type":"EntryPoint","urlTemplate":"https://www.cfm.co.mz/?s={search_term_string}"},"query-input":{"@type":"PropertyValueSpecification","valueRequired":true,"valueName":"search_term_string"}}],"inLanguage":"en-US"},{"@type":"Organization","@id":"https://www.cfm.co.mz/#organization","name":"CFM - Caminhos De Ferros de Moçambique","url":"https://www.cfm.co.mz/","logo":{"@type":"ImageObject","inLanguage":"en-US","@id":"https://www.cfm.co.mz/#/schema/logo/image/","url":"https://www.cfm.co.mz/wp-content/uploads/2025/07/be5f0679-4f5b-4d02-9719-a26ceed29162.jpg","contentUrl":"https://www.cfm.co.mz/wp-content/uploads/2025/07/be5f0679-4f5b-4d02-9719-a26ceed29162.jpg","width":400,"height":65,"caption":"CFM - Caminhos De Ferros de Moçambique"},"image":{"@id":"https://www.cfm.co.mz/#/schema/logo/image/"},"sameAs":["https://www.facebook.com/CFMMoz","https://www.linkedin.com/company/caminhos-de-ferro-de-moambique/"]}]}</script>
<!-- / Yoast SEO plugin. -->

Terminal de Embarque de Melaço - CFM - Caminhos De Ferros de Moçambique

Este terminal possui 153 metros de comprimento e ocupa uma área de 3.060 metros quadrados. A armazenagem é feita em quatro tanques com capacidades individuais de 6.000, 7.000, 9.000 e 11.000 toneladas. O terminal foi projectado para manusear cerca de 150.000 toneladas anuais.

CFM - Caminhos De Ferros de Moçambique

Terminal de Embarque de Melaço
