{"version":"1.0","provider_name":"CFM - Caminhos De Ferros de Mo\u00e7ambique","provider_url":"https:\/\/www.cfm.co.mz\/en","author_name":"D\u00e9rcio Badru","author_url":"https:\/\/www.cfm.co.mz\/en\/author\/dercio\/","title":"PCA do CFM visita Direc\u00e7\u00e3o Executiva Norte - CFM - Caminhos De Ferros de Mo\u00e7ambique","type":"rich","width":600,"height":338,"html":"<blockquote class=\"wp-embedded-content\" data-secret=\"X3qZ3sj6im\"><a href=\"https:\/\/www.cfm.co.mz\/en\/2020\/02\/19\/pca-do-cfm-visita-direccao-executiva-norte\/\">PCA do CFM visita Direc\u00e7\u00e3o Executiva Norte<\/a><\/blockquote><iframe sandbox=\"allow-scripts\" security=\"restricted\" src=\"https:\/\/www.cfm.co.mz\/en\/2020\/02\/19\/pca-do-cfm-visita-direccao-executiva-norte\/embed\/#?secret=X3qZ3sj6im\" width=\"600\" height=\"338\" title=\"&#8220;PCA do CFM visita Direc\u00e7\u00e3o Executiva Norte&#8221; &#8212; CFM - Caminhos De Ferros de Mo\u00e7ambique\" data-secret=\"X3qZ3sj6im\" frameborder=\"0\" marginwidth=\"0\" marginheight=\"0\" scrolling=\"no\" class=\"wp-embedded-content\"><\/iframe><script>\n\/*! This file is auto-generated *\/\n!function(d,l){\"use strict\";l.querySelector&&d.addEventListener&&\"undefined\"!=typeof URL&&(d.wp=d.wp||{},d.wp.receiveEmbedMessage||(d.wp.receiveEmbedMessage=function(e){var t=e.data;if((t||t.secret||t.message||t.value)&&!\/[^a-zA-Z0-9]\/.test(t.secret)){for(var s,r,n,a=l.querySelectorAll('iframe[data-secret=\"'+t.secret+'\"]'),o=l.querySelectorAll('blockquote[data-secret=\"'+t.secret+'\"]'),c=new RegExp(\"^https?:$\",\"i\"),i=0;i<o.length;i++)o[i].style.display=\"none\";for(i=0;i<a.length;i++)s=a[i],e.source===s.contentWindow&&(s.removeAttribute(\"style\"),\"height\"===t.message?(1e3<(r=parseInt(t.value,10))?r=1e3:~~r<200&&(r=200),s.height=r):\"link\"===t.message&&(r=new URL(s.getAttribute(\"src\")),n=new URL(t.value),c.test(n.protocol))&&n.host===r.host&&l.activeElement===s&&(d.top.location.href=t.value))}},d.addEventListener(\"message\",d.wp.receiveEmbedMessage,!1),l.addEventListener(\"DOMContentLoaded\",function(){for(var e,t,s=l.querySelectorAll(\"iframe.wp-embedded-content\"),r=0;r<s.length;r++)(t=(e=s[r]).getAttribute(\"data-secret\"))||(t=Math.random().toString(36).substring(2,12),e.src+=\"#?secret=\"+t,e.setAttribute(\"data-secret\",t)),e.contentWindow.postMessage({message:\"ready\",secret:t},\"*\")},!1)))}(window,document);\n\/\/# sourceURL=https:\/\/www.cfm.co.mz\/wp-includes\/js\/wp-embed.min.js\n<\/script>","thumbnail_url":"https:\/\/www.cfm.co.mz\/wp-content\/uploads\/2020\/02\/PCA_do_CFM_visita_Direccao_Executiva_Norte_-_2020_-_Capa-scaled.jpg","thumbnail_width":2560,"thumbnail_height":1707,"description":"O Presidente do Conselho de Administra\u00e7\u00e3o da Empresa Portos e Caminhos de Ferro de Mo\u00e7ambique (CFM), Eng. Miguel Jos\u00e9 Matabel, efectuou, entre os dias 11 e 14 de Fevereiro, uma visita \u00e0 Direc\u00e7\u00e3o Executiva Norte, com o objectivo de aferir o funcionamento das unidades de opera\u00e7\u00e3o, bem como avaliar o grau de execu\u00e7\u00e3o das recomenda\u00e7\u00f5es da \u00faltima reuni\u00e3o de Maputo."}

CFM - Caminhos De Ferros de Moçambique

Dércio Badru

PCA do CFM visita Direcção Executiva Norte - CFM - Caminhos De Ferros de Moçambique

<blockquote class="wp-embedded-content" data-secret="X3qZ3sj6im"><a href="https://www.cfm.co.mz/en/2020/02/19/pca-do-cfm-visita-direccao-executiva-norte/">PCA do CFM visita Direcção Executiva Norte</a></blockquote><iframe sandbox="allow-scripts" security="restricted" src="https://www.cfm.co.mz/en/2020/02/19/pca-do-cfm-visita-direccao-executiva-norte/embed/#?secret=X3qZ3sj6im" width="600" height="338" title="&#8220;PCA do CFM visita Direcção Executiva Norte&#8221; &#8212; CFM - Caminhos De Ferros de Moçambique" data-secret="X3qZ3sj6im" frameborder="0" marginwidth="0" marginheight="0" scrolling="no" class="wp-embedded-content"></iframe><script>
/*! This file is auto-generated */
!function(d,l){"use strict";l.querySelector&&d.addEventListener&&"undefined"!=typeof URL&&(d.wp=d.wp||{},d.wp.receiveEmbedMessage||(d.wp.receiveEmbedMessage=function(e){var t=e.data;if((t||t.secret||t.message||t.value)&&!/[^a-zA-Z0-9]/.test(t.secret)){for(var s,r,n,a=l.querySelectorAll('iframe[data-secret="'+t.secret+'"]'),o=l.querySelectorAll('blockquote[data-secret="'+t.secret+'"]'),c=new RegExp("^https?:$","i"),i=0;i<o.length;i++)o[i].style.display="none";for(i=0;i<a.length;i++)s=a[i],e.source===s.contentWindow&&(s.removeAttribute("style"),"height"===t.message?(1e3<(r=parseInt(t.value,10))?r=1e3:~~r<200&&(r=200),s.height=r):"link"===t.message&&(r=new URL(s.getAttribute("src")),n=new URL(t.value),c.test(n.protocol))&&n.host===r.host&&l.activeElement===s&&(d.top.location.href=t.value))}},d.addEventListener("message",d.wp.receiveEmbedMessage,!1),l.addEventListener("DOMContentLoaded",function(){for(var e,t,s=l.querySelectorAll("iframe.wp-embedded-content"),r=0;r<s.length;r++)(t=(e=s[r]).getAttribute("data-secret"))||(t=Math.random().toString(36).substring(2,12),e.src+="#?secret="+t,e.setAttribute("data-secret",t)),e.contentWindow.postMessage({message:"ready",secret:t},"*")},!1)))}(window,document);
//# sourceURL=https://www.cfm.co.mz/wp-includes/js/wp-embed.min.js
</script>

O Presidente do Conselho de Administração da Empresa Portos e Caminhos de Ferro de Moçambique (CFM), Eng. Miguel José Matabel, efectuou, entre os dias 11 e 14 de Fevereiro, uma visita à Direcção Executiva Norte, com o objectivo de aferir o funcionamento das unidades de operação, bem como avaliar o grau de execução das recomendações da última reunião de Maputo.
