{"version":"1.0","provider_name":"CFM - Caminhos De Ferros de Mo\u00e7ambique","provider_url":"https:\/\/www.cfm.co.mz\/en","author_name":"D\u00e9rcio Badru","author_url":"https:\/\/www.cfm.co.mz\/en\/author\/dercio\/","title":"Mo\u00e7ambique avalia modelos de comboios metropolitanos do Jap\u00e3o - CFM - Caminhos De Ferros de Mo\u00e7ambique","type":"rich","width":600,"height":338,"html":"<blockquote class=\"wp-embedded-content\" data-secret=\"4IvWDj2H7k\"><a href=\"https:\/\/www.cfm.co.mz\/en\/2017\/03\/15\/mocambique-avalia-modelos-de-comboios-metropolitanos-do-japao\/\">Mo\u00e7ambique avalia modelos de comboios metropolitanos do Jap\u00e3o<\/a><\/blockquote><iframe sandbox=\"allow-scripts\" security=\"restricted\" src=\"https:\/\/www.cfm.co.mz\/en\/2017\/03\/15\/mocambique-avalia-modelos-de-comboios-metropolitanos-do-japao\/embed\/#?secret=4IvWDj2H7k\" width=\"600\" height=\"338\" title=\"&#8220;Mo\u00e7ambique avalia modelos de comboios metropolitanos do Jap\u00e3o&#8221; &#8212; CFM - Caminhos De Ferros de Mo\u00e7ambique\" data-secret=\"4IvWDj2H7k\" frameborder=\"0\" marginwidth=\"0\" marginheight=\"0\" scrolling=\"no\" class=\"wp-embedded-content\"><\/iframe><script>\n\/*! This file is auto-generated *\/\n!function(d,l){\"use strict\";l.querySelector&&d.addEventListener&&\"undefined\"!=typeof URL&&(d.wp=d.wp||{},d.wp.receiveEmbedMessage||(d.wp.receiveEmbedMessage=function(e){var t=e.data;if((t||t.secret||t.message||t.value)&&!\/[^a-zA-Z0-9]\/.test(t.secret)){for(var s,r,n,a=l.querySelectorAll('iframe[data-secret=\"'+t.secret+'\"]'),o=l.querySelectorAll('blockquote[data-secret=\"'+t.secret+'\"]'),c=new RegExp(\"^https?:$\",\"i\"),i=0;i<o.length;i++)o[i].style.display=\"none\";for(i=0;i<a.length;i++)s=a[i],e.source===s.contentWindow&&(s.removeAttribute(\"style\"),\"height\"===t.message?(1e3<(r=parseInt(t.value,10))?r=1e3:~~r<200&&(r=200),s.height=r):\"link\"===t.message&&(r=new URL(s.getAttribute(\"src\")),n=new URL(t.value),c.test(n.protocol))&&n.host===r.host&&l.activeElement===s&&(d.top.location.href=t.value))}},d.addEventListener(\"message\",d.wp.receiveEmbedMessage,!1),l.addEventListener(\"DOMContentLoaded\",function(){for(var e,t,s=l.querySelectorAll(\"iframe.wp-embedded-content\"),r=0;r<s.length;r++)(t=(e=s[r]).getAttribute(\"data-secret\"))||(t=Math.random().toString(36).substring(2,12),e.src+=\"#?secret=\"+t,e.setAttribute(\"data-secret\",t)),e.contentWindow.postMessage({message:\"ready\",secret:t},\"*\")},!1)))}(window,document);\n\/\/# sourceURL=https:\/\/www.cfm.co.mz\/wp-includes\/js\/wp-embed.min.js\n<\/script>","thumbnail_url":"https:\/\/www.cfm.co.mz\/wp-content\/uploads\/2017\/03\/PR_Passeio_Ponte-de-Boane-scaled.jpg","thumbnail_width":2560,"thumbnail_height":1707,"description":"O Presidente da Rep\u00fablica de Mo\u00e7ambique, Filipe Nyusi apontou o transporte ferrovi\u00e1rio metropolitano como uma das alternativas que o governo mo\u00e7ambicano est\u00e1 a analisar com vista a solucionar a problem\u00e1tica de transporte urbano que afecta milh\u00f5es de concidad\u00e3os no pa\u00eds. Segundo a AIM, Filipe Nyusi manifestou este sentimento durante a visita que efectuou, no dia 14 de Mar\u00e7o de 2017, \u00e0 esta\u00e7\u00e3o central de Yurikamome, empresa que est\u00e1 no mercado do transporte ferrovi\u00e1rio desde 1995, estabelecendo a liga\u00e7\u00e3o entre a baixa da cidade de T\u00f3quio e a zona de \u201cWaterfront\u201d de v\u00e1rios cursos de \u00e1gua que atravessam a metr\u00f3pole. Os comboios da Yurikamome (de comando autom\u00e1tico) transportam cerca de 45 milh\u00f5es de utentes por ano. Acompanhado pela Vice- Ministra dos Transportes e Comunica\u00e7\u00f5es e pelo PCA do CFM, Eng miguel Matabel, bem como os ministros e outros quadros do governo mo\u00e7ambicano, o estadista mo\u00e7ambicano visitou as instala\u00e7\u00f5es e recebeu explica\u00e7\u00f5es detalhadas sobre o seu funcionamento, as v\u00e1rias inova\u00e7\u00f5es tecnol\u00f3gicas traduzidas no facto de as carruagens terem rodas de borracha e a impuls\u00e3o da composi\u00e7\u00e3o ser feita atrav\u00e9s da energia el\u00e9ctrica."}

CFM - Caminhos De Ferros de Moçambique

Dércio Badru

Moçambique avalia modelos de comboios metropolitanos do Japão - CFM - Caminhos De Ferros de Moçambique

<blockquote class="wp-embedded-content" data-secret="4IvWDj2H7k"><a href="https://www.cfm.co.mz/en/2017/03/15/mocambique-avalia-modelos-de-comboios-metropolitanos-do-japao/">Moçambique avalia modelos de comboios metropolitanos do Japão</a></blockquote><iframe sandbox="allow-scripts" security="restricted" src="https://www.cfm.co.mz/en/2017/03/15/mocambique-avalia-modelos-de-comboios-metropolitanos-do-japao/embed/#?secret=4IvWDj2H7k" width="600" height="338" title="&#8220;Moçambique avalia modelos de comboios metropolitanos do Japão&#8221; &#8212; CFM - Caminhos De Ferros de Moçambique" data-secret="4IvWDj2H7k" frameborder="0" marginwidth="0" marginheight="0" scrolling="no" class="wp-embedded-content"></iframe><script>
/*! This file is auto-generated */
!function(d,l){"use strict";l.querySelector&&d.addEventListener&&"undefined"!=typeof URL&&(d.wp=d.wp||{},d.wp.receiveEmbedMessage||(d.wp.receiveEmbedMessage=function(e){var t=e.data;if((t||t.secret||t.message||t.value)&&!/[^a-zA-Z0-9]/.test(t.secret)){for(var s,r,n,a=l.querySelectorAll('iframe[data-secret="'+t.secret+'"]'),o=l.querySelectorAll('blockquote[data-secret="'+t.secret+'"]'),c=new RegExp("^https?:$","i"),i=0;i<o.length;i++)o[i].style.display="none";for(i=0;i<a.length;i++)s=a[i],e.source===s.contentWindow&&(s.removeAttribute("style"),"height"===t.message?(1e3<(r=parseInt(t.value,10))?r=1e3:~~r<200&&(r=200),s.height=r):"link"===t.message&&(r=new URL(s.getAttribute("src")),n=new URL(t.value),c.test(n.protocol))&&n.host===r.host&&l.activeElement===s&&(d.top.location.href=t.value))}},d.addEventListener("message",d.wp.receiveEmbedMessage,!1),l.addEventListener("DOMContentLoaded",function(){for(var e,t,s=l.querySelectorAll("iframe.wp-embedded-content"),r=0;r<s.length;r++)(t=(e=s[r]).getAttribute("data-secret"))||(t=Math.random().toString(36).substring(2,12),e.src+="#?secret="+t,e.setAttribute("data-secret",t)),e.contentWindow.postMessage({message:"ready",secret:t},"*")},!1)))}(window,document);
//# sourceURL=https://www.cfm.co.mz/wp-includes/js/wp-embed.min.js
</script>

O Presidente da República de Moçambique, Filipe Nyusi apontou o transporte ferroviário metropolitano como uma das alternativas que o governo moçambicano está a analisar com vista a solucionar a problemática de transporte urbano que afecta milhões de concidadãos no país. Segundo a AIM, Filipe Nyusi manifestou este sentimento durante a visita que efectuou, no dia 14 de Março de 2017, à estação central de Yurikamome, empresa que está no mercado do transporte ferroviário desde 1995, estabelecendo a ligação entre a baixa da cidade de Tóquio e a zona de “Waterfront” de vários cursos de água que atravessam a metrópole. Os comboios da Yurikamome (de comando automático) transportam cerca de 45 milhões de utentes por ano. Acompanhado pela Vice- Ministra dos Transportes e Comunicações e pelo PCA do CFM, Eng miguel Matabel, bem como os ministros e outros quadros do governo moçambicano, o estadista moçambicano visitou as instalações e recebeu explicações detalhadas sobre o seu funcionamento, as várias inovações tecnológicas traduzidas no facto de as carruagens terem rodas de borracha e a impulsão da composição ser feita através da energia eléctrica.
