{"version":"1.0","provider_name":"CFM - Caminhos De Ferros de Mo\u00e7ambique","provider_url":"https:\/\/www.cfm.co.mz\/en","author_name":"D\u00e9rcio Badru","author_url":"https:\/\/www.cfm.co.mz\/en\/author\/dercio\/","title":"CFM introduz nova carreira na Linha de Sena - CFM - Caminhos De Ferros de Mo\u00e7ambique","type":"rich","width":600,"height":338,"html":"<blockquote class=\"wp-embedded-content\" data-secret=\"He44PLBFEM\"><a href=\"https:\/\/www.cfm.co.mz\/en\/2016\/09\/06\/cfm-introduz-nova-carreira-na-linha-de-sena\/\">CFM introduz nova carreira na Linha de Sena<\/a><\/blockquote><iframe sandbox=\"allow-scripts\" security=\"restricted\" src=\"https:\/\/www.cfm.co.mz\/en\/2016\/09\/06\/cfm-introduz-nova-carreira-na-linha-de-sena\/embed\/#?secret=He44PLBFEM\" width=\"600\" height=\"338\" title=\"&#8220;CFM introduz nova carreira na Linha de Sena&#8221; &#8212; CFM - Caminhos De Ferros de Mo\u00e7ambique\" data-secret=\"He44PLBFEM\" frameborder=\"0\" marginwidth=\"0\" marginheight=\"0\" scrolling=\"no\" class=\"wp-embedded-content\"><\/iframe><script>\n\/*! This file is auto-generated *\/\n!function(d,l){\"use strict\";l.querySelector&&d.addEventListener&&\"undefined\"!=typeof URL&&(d.wp=d.wp||{},d.wp.receiveEmbedMessage||(d.wp.receiveEmbedMessage=function(e){var t=e.data;if((t||t.secret||t.message||t.value)&&!\/[^a-zA-Z0-9]\/.test(t.secret)){for(var s,r,n,a=l.querySelectorAll('iframe[data-secret=\"'+t.secret+'\"]'),o=l.querySelectorAll('blockquote[data-secret=\"'+t.secret+'\"]'),c=new RegExp(\"^https?:$\",\"i\"),i=0;i<o.length;i++)o[i].style.display=\"none\";for(i=0;i<a.length;i++)s=a[i],e.source===s.contentWindow&&(s.removeAttribute(\"style\"),\"height\"===t.message?(1e3<(r=parseInt(t.value,10))?r=1e3:~~r<200&&(r=200),s.height=r):\"link\"===t.message&&(r=new URL(s.getAttribute(\"src\")),n=new URL(t.value),c.test(n.protocol))&&n.host===r.host&&l.activeElement===s&&(d.top.location.href=t.value))}},d.addEventListener(\"message\",d.wp.receiveEmbedMessage,!1),l.addEventListener(\"DOMContentLoaded\",function(){for(var e,t,s=l.querySelectorAll(\"iframe.wp-embedded-content\"),r=0;r<s.length;r++)(t=(e=s[r]).getAttribute(\"data-secret\"))||(t=Math.random().toString(36).substring(2,12),e.src+=\"#?secret=\"+t,e.setAttribute(\"data-secret\",t)),e.contentWindow.postMessage({message:\"ready\",secret:t},\"*\")},!1)))}(window,document);\n\/\/# sourceURL=https:\/\/www.cfm.co.mz\/wp-includes\/js\/wp-embed.min.js\n<\/script>","thumbnail_url":"https:\/\/www.cfm.co.mz\/wp-content\/uploads\/2016\/09\/CFM-Centro-Nova-Carreira.jpg","thumbnail_width":1890,"thumbnail_height":1417,"description":"A Empresa Portos e Caminhos de Ferro de Mo\u00e7ambique- CFM vai introduzir, a partir do pr\u00f3ximo dia 14 de Setembro, o segundo comboio para Marromeu, em resposta&nbsp;\u00e0 solicita\u00e7\u00e3o da popula\u00e7\u00e3o ao Chefe do Estado durante a sua visita a Prov\u00edncia de Sofala. Associado a isso, a Empresa introduziu, a t\u00edtulo experimental, na \u00faltima 6\u00aa Feira, a carruagem da 1\u00aa Classe para&nbsp; o mesmo trajecto. A mesma carruagem ir\u00e1 ser alternada com a rota Beira\/Moatize \u00e0s 3as feiras, ou seja, &#8220;teremos esta carruagem no comboio da 6\u00aa feira para Marromeu e para Moatize \u00e0s 3\u00aa Feiras&#8220;- Referiu uma Fonte do CFM- Centro. A carruagem da&nbsp;1\u00aa Classe&nbsp; tem a capacidade de 26 passageiros e est\u00e1 munida de um sistema de frio (Ar condicionado) e dois WC com banheiros."}

CFM - Caminhos De Ferros de Moçambique

Dércio Badru

CFM introduz nova carreira na Linha de Sena - CFM - Caminhos De Ferros de Moçambique

<blockquote class="wp-embedded-content" data-secret="He44PLBFEM"><a href="https://www.cfm.co.mz/en/2016/09/06/cfm-introduz-nova-carreira-na-linha-de-sena/">CFM introduz nova carreira na Linha de Sena</a></blockquote><iframe sandbox="allow-scripts" security="restricted" src="https://www.cfm.co.mz/en/2016/09/06/cfm-introduz-nova-carreira-na-linha-de-sena/embed/#?secret=He44PLBFEM" width="600" height="338" title="&#8220;CFM introduz nova carreira na Linha de Sena&#8221; &#8212; CFM - Caminhos De Ferros de Moçambique" data-secret="He44PLBFEM" frameborder="0" marginwidth="0" marginheight="0" scrolling="no" class="wp-embedded-content"></iframe><script>
/*! This file is auto-generated */
!function(d,l){"use strict";l.querySelector&&d.addEventListener&&"undefined"!=typeof URL&&(d.wp=d.wp||{},d.wp.receiveEmbedMessage||(d.wp.receiveEmbedMessage=function(e){var t=e.data;if((t||t.secret||t.message||t.value)&&!/[^a-zA-Z0-9]/.test(t.secret)){for(var s,r,n,a=l.querySelectorAll('iframe[data-secret="'+t.secret+'"]'),o=l.querySelectorAll('blockquote[data-secret="'+t.secret+'"]'),c=new RegExp("^https?:$","i"),i=0;i<o.length;i++)o[i].style.display="none";for(i=0;i<a.length;i++)s=a[i],e.source===s.contentWindow&&(s.removeAttribute("style"),"height"===t.message?(1e3<(r=parseInt(t.value,10))?r=1e3:~~r<200&&(r=200),s.height=r):"link"===t.message&&(r=new URL(s.getAttribute("src")),n=new URL(t.value),c.test(n.protocol))&&n.host===r.host&&l.activeElement===s&&(d.top.location.href=t.value))}},d.addEventListener("message",d.wp.receiveEmbedMessage,!1),l.addEventListener("DOMContentLoaded",function(){for(var e,t,s=l.querySelectorAll("iframe.wp-embedded-content"),r=0;r<s.length;r++)(t=(e=s[r]).getAttribute("data-secret"))||(t=Math.random().toString(36).substring(2,12),e.src+="#?secret="+t,e.setAttribute("data-secret",t)),e.contentWindow.postMessage({message:"ready",secret:t},"*")},!1)))}(window,document);
//# sourceURL=https://www.cfm.co.mz/wp-includes/js/wp-embed.min.js
</script>

A Empresa Portos e Caminhos de Ferro de Moçambique- CFM vai introduzir, a partir do próximo dia 14 de Setembro, o segundo comboio para Marromeu, em resposta&nbsp;à solicitação da população ao Chefe do Estado durante a sua visita a Província de Sofala. Associado a isso, a Empresa introduziu, a título experimental, na última 6ª Feira, a carruagem da 1ª Classe para&nbsp; o mesmo trajecto. A mesma carruagem irá ser alternada com a rota Beira/Moatize às 3as feiras, ou seja, &#8220;teremos esta carruagem no comboio da 6ª feira para Marromeu e para Moatize às 3ª Feiras&#8220;- Referiu uma Fonte do CFM- Centro. A carruagem da&nbsp;1ª Classe&nbsp; tem a capacidade de 26 passageiros e está munida de um sistema de frio (Ar condicionado) e dois WC com banheiros.
